t m(v) = -2*v**2 - 2*v**3 + v**3 - 9*v**2 - 8*v - 3*v - 12. Let c be m(-10). What is the units digit of (2 + -7)/(1 + c)?
5
Let l(f) = -f**2 - 5*f + 6. Let p be l(-6). Suppose p*n = 2*n - 32. What is the tens digit of n?
1
Let w be 8/(-12)*(-9)/2. Suppose w*v - 27 = -0*v. What is the units digit of v?
9
Let v(a) be the third derivative of a**5/60 - a**4/4 - 2*a**2. Let h be v(6). Suppose 5*z - d - 15 = h, -z = -5*z - 2*d + 26. What is the units digit of z?
4
Let x = 13 - 6. What is the units digit of x?
7
What is the units digit of (-219)/(-5) - 2/(-10)?
4
Suppose -24*y + 3795 = -4293. What is the units digit of y?
7
Suppose -3*g + 1 = -5. Suppose 0 = -g*l + 33 + 3. Let t = -7 + l. What is the tens digit of t?
1
Let m = -51 + 93. Suppose v - m = -v. What is the tens digit of v?
2
Suppose 2*m - m - 2 = 0. Suppose -f - 12 = -m*f. What is the units digit of (-6)/(-1)*f/8?
9
Suppose 2*l = -5*n + 172, -15 = -2*n + 2*l + 65. What is the tens digit of n?
3
Let q(k) = k**2 - 6*k - 10. Let t be q(7). Let f(a) = -a**3 - 2*a**2 + a - 4. What is the units digit of f(t)?
2
Suppose 0 = -n + 5*y + 3, 2*n - 3*y + 2*y - 24 = 0. Let z = 18 - n. Let m(d) = d**2 - 5*d + 1. What is the units digit of m(z)?
1
Let m(u) = 7*u**3 + 2*u**2 - 1. Suppose -4 = 3*y + l - 16, 5*y + 4*l - 27 = 0. Let v be 5/y - (-12)/(-18). What is the units digit of m(v)?
8
Let c(a) = 3 - 3*a**3 - 4*a**2 + 2*a**3 - 1. Let q be c(-4). Suppose 3 = h - q. What is the units digit of h?
5
Let i(v) = 13*v + 32. What is the tens digit of i(13)?
0
Let s be (48/(-18))/(2/3). What is the units digit of 2648/72 - s/18?
7
What is the hundreds digit of (255/(-20))/(4/(-32))?
1
Suppose -5*c = -4*c - 5*x - 267, 1011 = 4*c - x. Suppose -5*h + c = h. What is the units digit of h?
2
Let s(z) = -z**3 + 4*z**2 - z + 4. Let b be s(4). Suppose 3*a - 4 = -5*g + 6, -3*a = b. What is the units digit of -2 + 5/g*2?
3
Suppose 0 = -3*f + 2*f + 31. What is the units digit of f?
1
Let i = 4 - -1. Suppose r + 2*v = 4 - 36, -3*v = -i*r - 134. What is the units digit of (r/16)/(1/(-4))?
7
Let v = -3 - -75. What is the units digit of v?
2
What is the units digit of -2 + (0 + -1)*(-652)/4?
1
Suppose 0*v + 8 = 4*v. Suppose -v*c - 51 = -2*w - w, -4*w = 4*c - 48. What is the units digit of w?
5
Suppose c - b - 1 = 0, -12 = -4*c + 3*b - 7*b. Suppose 0 = 3*x - 5 + c. Let l = x + 8. What is the units digit of l?
9
Let q = 60 + -33. Suppose -4*b = -3*b + 16. Let t = b + q. What is the tens digit of t?
1
Let w = -233 + 407. What is the tens digit of w?
7
Let g = 0 + 40. What is the units digit of g?
0
Let c(d) = -2*d**3 + 10*d**2 - 4*d. Let o(w) = -w**3 + w**2 - w + 1. Let j(f) = c(f) - 3*o(f). Let u be j(-7). Let b = 7 + u. What is the units digit of b?
1
Let d(u) = -2*u - 2. Let h be d(0). What is the tens digit of 558/15 + h/10?
3
Let m = 150 + -95. What is the units digit of m?
5
Suppose 115 = 5*c - 2*g, 4*c + 3*g = -0*c + 69. Suppose 2*r - c = -r. Suppose -23 - r = -5*a. What is the units digit of a?
6
Let w = -4 + 3. Let c = 14 - 16. What is the units digit of c - (-1)/(w/(-10))?
8
Let n = 155 + -110. What is the tens digit of n?
4
Suppose -a - 18 = -4*j, 6*a + 5*j - 18 = 5*a. What is the units digit of -3*a/6*34?
4
What is the hundreds digit of (19 - 46)*(-10 - -1)?
2
Suppose 0 = -5*w + 4*w - 4*g - 16, -5*g = -w + 29. Suppose -4*s - 22 - 31 = 5*f, -3*f + 45 = -w*s. What is the units digit of (6/s)/(2/(-28))?
7
Let h(w) = -w**2 - w + 56. Let v be h(0). Suppose b - v = -3*b. What is the tens digit of b?
1
Suppose -9*y - 129 = -849. What is the units digit of y?
0
Suppose 3*r + 17 = 47. Let k = -6 + 10. Let z = r - k. What is the units digit of z?
6
Suppose 2*m = -2*v + 26, -3*v + 5*m + 9 = -46. Suppose 4*a - 4*n + 9 = -v, -n = 4*a + 34. Let i(f) = -f**2 - 10*f - 2. What is the tens digit of i(a)?
1
Let j(a) = -30*a. Let x be j(-3). What is the units digit of 194/18 - (-20)/x?
1
Let k(m) = -8*m - 3. Let d be k(-5). Suppose 2*i = 3*i - d. What is the units digit of i?
7
Let s = -119 - -223. What is the tens digit of s?
0
Suppose 0 = -6*j + 3*j - 87. Let c = j - -54. What is the units digit of c?
5
What is the units digit of (-3)/(-2)*574/21?
1
What is the tens digit of (-9 + 5 - 94)*(0 - 1)?
9
Let l = 2 - -1. Let z(m) = m**3 + 7*m**2 - 3. Let c be z(-7). Let x = l - c. What is the units digit of x?
6
Let b = 5 - -13. Let u = 28 - b. What is the units digit of u?
0
Let u = 2 + 0. Let b be (1/(-2))/(2/(-12)). Suppose -c = -u - b. What is the units digit of c?
5
Let k(c) = c**2 - c + 1. Let v(d) = -d**2 + 5*d - 3. Let w(r) = 2*k(r) + v(r). Suppose -5*p + 12 = 2. What is the units digit of w(p)?
9
Suppose v - 3 = -0. Suppose t + 2 = -v, 2*t = -3*r + 74. What is the units digit of r?
8
Let l(k) = k**3 - 4*k**2 + 4*k + 7. What is the tens digit of l(6)?
0
Let s be 3 - (1 + -3 + 0). Suppose s*a - 88 = -0*a + 3*c, 5*c = 3*a - 56. What is the units digit of a?
7
Suppose -h + 6 - 4 = 0. Suppose h*w + 10 = -0*w. Let n = 8 + w. What is the units digit of n?
3
Suppose 5*s = -w + 13, 3*s + 10*w - 21 = 5*w. What is the units digit of s?
2
Let m(w) = -w - 2. Let z be m(-3). Let x be -2 + z - (-2 - -1). Suppose -3*t + 5*t - 2 = x. What is the units digit of t?
1
Let u be (6/4)/(5/10). Suppose u*k = -9 + 36. What is the units digit of k?
9
Let t = 497 + -224. What is the tens digit of t?
7
Let w = -7 - -9. Suppose 3*l = w*l + 5. What is the units digit of l?
5
Let q(v) = v**2 + 7*v - 8. Let m(p) = -p**2 - 13*p - 8. Let j be m(-12). What is the units digit of q(j)?
6
Let u(k) = 41*k**2 + k. What is the units digit of u(-1)?
0
Let m(w) = w - 5. Let r(o) = -o + 1. Let f(t) = m(t) + 4*r(t). Let q be f(2). Let j = q - -26. What is the tens digit of j?
1
Let a(y) = -7*y + 12. Let i(h) = -7*h + 13. Let v(s) = 4*a(s) - 5*i(s). What is the units digit of v(7)?
2
Let p = 167 - 117. Let a = p + -26. Suppose 5*g - g - a = 0. What is the units digit of g?
6
Let i(n) = -n**2 - 8*n - 9. Let c be i(-6). Suppose z - l + 3*l = 7, -3*z - c*l + 9 = 0. Let x(r) = 12*r**2 + 2*r + 1. What is the tens digit of x(z)?
1
Suppose 2*i + 2*y = 86, y = 4*i - 191 + 9. Let r = i - 30. What is the units digit of -5*(-1 - 3/r)?
6
Let h = -1 - -2. Let g = h + 6. What is the units digit of g?
7
Let s(f) = -f**3 + f**2 + 6*f - 1. Let q be s(4). Let v(z) = -z**2 + 10*z + 25. Let n be v(7). Let y = n + q. What is the tens digit of y?
2
Let y = 9 + -8. Suppose 0 = r - y - 1. Let v = 13 + r. What is the units digit of v?
5
Let q = 46 - 8. What is the units digit of q?
8
Suppose 5*j = -5*j + 10. What is the units digit of j?
1
What is the tens digit of -3 - (-4)/(104/102 + -1)?
0
What is the hundreds digit of -17*(-5)/((-5)/(-7))?
1
Let c = 15 + -6. What is the units digit of c?
9
Let l be (2/(-2))/((-2)/(-12)). Let c be (-3)/l - (-31)/2. Let n = 23 - c. What is the units digit of n?
7
Let i(s) = 3*s**2 - 2 - 6*s + 6*s. What is the units digit of i(2)?
0
Suppose 2*v - 40 = 6*v. What is the units digit of 5/v*(0 + -6)?
3
Suppose -4*i - 10 = 2*z, -3*z - 4 = -4*i - 29. What is the units digit of z?
3
Suppose 3*y + 1 - 7 = 0. Suppose 6*h = 4*g + y*h - 44, 0 = 5*g + 5*h - 105. What is the units digit of g?
6
Let b(k) = -4*k**3 - k + 2. What is the units digit of b(-2)?
6
Let m(o) = -14*o**2 + o. Let k be m(-1). Let w = k + 27. What is the tens digit of w?
1
Let h be ((-1)/2)/(7/14). Suppose 3*a + 2 = 11. What is the units digit of a/3*h - -9?
8
Suppose -5*w = -w - 12. Let p be (6/(-8))/((-9)/24). Suppose -w*y = -5*y + p. What is the units digit of y?
1
Let g(j) = j**3 - 11*j**2 + 11*j + 7. Let v be g(10). Let x be v*1 + (6 - 7). What is the units digit of ((-13)/4)/((-4)/x)?
3
What is the units digit of -4 - 836/(-3 + 1)?
4
Let b = -54 + 225. What is the units digit of b?
1
Let p(w) = w**2 - 13*w - 3. Let x = 1 - -13. What is the units digit of p(x)?
1
Let x(g) = g**3 + 2*g**2 + 3*g. Let q be x(3). Let t = q - 34. What is the units digit of t?
0
Let x = 45 + -31. Let j = 4 - 14. Let v = x + j. What is the units digit of v?
4
Let d = 12 - 8. Suppose 2*i = -i - 3*x + 75, -4*i = -4*x - 60. Suppose d*w + w - i = 0. What is the units digit of w?
4
Suppose -5*u + 172 = -133. Let t = u - 37. What is the units digit of t?
4
Let t(l) = -l**2 + 5*l - 2. Let b be t(3). Let k(n) = n**3 - 3*n**2. What 